e
Is 11240149313 composite?
False
Is 70342936639 prime?
False
Is 75471138599 prime?
True
Is 65767031363 a composite number?
True
Is 1105628617 prime?
True
Is 2684711 a composite number?
False
Is 1371738821 a composite number?
False
Is 448047727 composite?
False
Is 1919519537 composite?
True
Is 3463516999 a prime number?
False
Is 738017771 a composite number?
False
Is 44846259499 composite?
False
Is 235884391214 prime?
False
Is 232000339 a prime number?
True
Is 668569079 a prime number?
True
Is 434507839 a prime number?
True
Is 26063404079 prime?
True
Is 1730340119 a composite number?
False
Is 1187553709 a prime number?
False
Is 187847869 composite?
True
Is 344997324073 a composite number?
False
Is 49294395947 a prime number?
True
Is 15012213127 a composite number?
False
Is 4055683767 a composite number?
True
Is 6764432713 a prime number?
True
Is 609388189 a prime number?
False
Is 82657680881 a composite number?
False
Is 717351409 a prime number?
True
Is 112508242367 a prime number?
True
Is 53828319439 prime?
True
Is 17405487707 a composite number?
False
Is 927125341 a composite number?
True
Is 177880099 a composite number?
True
Is 2475516103 a prime number?
False
Is 433125879 prime?
False
Is 217443437 prime?
True
Is 117249191 a composite number?
False
Is 73573267679 prime?
True
Is 7508617247 a prime number?
False
Is 1318746733 prime?
True
Is 624171917 composite?
False
Is 3095650379 a composite number?
True
Is 6462363169 prime?
False
Is 2515252477 composite?
False
Is 2953460533 a prime number?
True
Is 4084748431 a prime number?
False
Is 187861940737 a composite number?
False
Is 3223171871 a composite number?
True
Is 36275609809 composite?
True
Is 720825089 composite?
True
Is 195530055341 prime?
True
Is 938116789 a prime number?
True
Is 167553283 prime?
True
Is 758771317 composite?
True
Is 119623181 a composite number?
False
Is 207665528963 a composite number?
True
Is 17461601041 prime?
True
Is 3849897635 prime?
False
Is 76779601 a composite number?
True
Is 13675910519 a prime number?
False
Is 959894503 a prime number?
True
Is 124506135031 a prime number?
True
Is 1792087883 a prime number?
False
Is 2592976807 composite?
False
Is 6659177885 a prime number?
False
Is 722042231 composite?
False
Is 6291603841 composite?
False
Is 36186745781 a composite number?
False
Is 27646877497 a composite number?
True
Is 1611441043 a prime number?
True
Is 625768831 prime?
False
Is 1093034749 a prime number?
False
Is 141246124913 prime?
True
Is 7986366439 prime?
False
Is 99664972287 composite?
True
Is 165389503607 a composite number?
False
Is 75268507513 a prime number?
False
Is 398144447 a prime number?
False
Is 40130396821 composite?
True
Is 21973173773 prime?
False
Is 380200267 a prime number?
False
Is 2666937029 a composite number?
False
Is 4950527293 composite?
False
Is 1471324061 composite?
False
Is 432203111 composite?
False
Is 399835729 a prime number?
False
Is 2896758893 prime?
False
Is 2772165635 prime?
False
Is 40424405869 composite?
False
Is 983850851 a prime number?
True
Is 527713805065 prime?
False
Is 6942789163 a composite number?
True
Is 477794126 composite?
True
Is 18690719401 composite?
False
Is 146901685849 a composite number?
True
Is 3203982391 a prime number?
True
Is 4116420298 a composite number?
True
Is 4183836739 a prime number?
True
Is 34543727497 a prime number?
False
Is 315520763 a composite number?
False
Is 5876486731 a composite number?
False
Is 12766836959 a prime number?
True
Is 6171016531 a prime number?
True
Is 29730119249 prime?
True
Is 2194309615 prime?
False
Is 1627187239 prime?
True
Is 2662573831 composite?
False
Is 247243101062 prime?
False
Is 11660911751 a prime number?
False
Is 7073115311 a composite number?
False
Is 922258843 a composite number?
True
Is 15281538761 a prime number?
False
Is 3255389 composite?
False
Is 1980800417 prime?
False
Is 998668423 composite?
False
Is 455932439 a composite number?
True
Is 7442483185 composite?
True
Is 918565909 a prime number?
False
Is 45739249561 a prime number?
True
Is 182575669 a composite number?
True
Is 93130424417 a composite number?
False
Is 10201078243 a composite number?
True
Is 635224081 a composite number?
False
Is 2173710983 composite?
False
Is 513524926 composite?
True
Is 5207084789 a composite number?
True
Is 2298510113 composite?
False
Is 11043494281 a prime number?
False
Is 188823797 prime?
True
Is 435644291 composite?
False
Is 12882669523 a prime number?
True
Is 10832200009 composite?
True
Is 7130748533 a composite number?
False
Is 30232646971 a prime number?
False
Is 26515621687 composite?
True
Is 11531969947 prime?
False
Is 6348653219 a prime number?
False
Is 478411253 a prime number?
False
Is 43234423 composite?
False
Is 100137632027 prime?
False
Is 5909575327 prime?
True
Is 306187577 a prime number?
True
Is 2773203371 a composite number?
False
Is 144776267 a composite number?
True
Is 3418443277 prime?
False
Is 56861011 a composite number?
False
Is 2996215709 composite?
False
Is 2611265887 a prime number?
True
Is 1153474715 composite?
True
Is 22895792567 a composite number?
False
Is 6127653027 composite?
True
Is 1264265713 a prime number?
True
Is 1357466939 a prime number?
True
Is 12179455087 prime?
False
Is 6933099458 a prime number?
False
Is 23309023573 a prime number?
False
Is 60039769571 prime?
True
Is 10824133499 a composite number?
False
Is 2003496713 prime?
True
Is 794115379 composite?
True
Is 90364097633 a prime number?
False
Is 2591088127 a prime number?
False
Is 13027640573 composite?
False
Is 5051221873 a prime number?
True
Is 1259174837 prime?
False
Is 8152632107 prime?
True
Is 6301696129 a prime number?
True
Is 2659245013 composite?
True
Is 5200470529 a composite number?
False
Is 150210653707 composite?
False
Is 1001584219 a prime number?
True
Is 160198699 composite?
False
Is 13080665107 prime?
True
Is 263195443 a composite number?
True
Is 50602009 a prime number?
True
Is 146878867 prime?
False
Is 1380140879 composite?
True
Is 15774492347 a composite number?
True
Is 7073105461 a composite number?
True
Is 21979157303 prime?
True
Is 677322983 a prime number?
False
Is 2485765571 composite?
True
Is 2513489557 a composite number?
True
Is 47174027 prime?
True
Is 6389713346 composite?
True
Is 74308729357 a prime number?
True
Is 975617371 a prime number?
False
Is 294660293 composite?
False
Is 5018252039 a prime number?
False
Is 108948323047 a composite number?
False
Is 665077649 prime?
True
Is 302763163 prime?
True
Is 881594953 a composite number?
False
Is 330447749 a prime number?
True
Is 118085563 a prime number?
True
Is 140978443 a prime number?
True
Is 57571483 composite?
False
Is 338125231 prime?
False
Is 35544040165 a prime number?
False
Is 44637523453 a prime number?
False
Is 544548541 prime?
False
Is 15424089503 a composite number?
False
Is 4013744197 composite?
False
Is 253375799 prime?
True
Is 31512534971 a composite number?
False
Is 3929606207 prime?
True
Is 1729873283 a composite number?
False
Is 1919345227 composite?
False
Is 1301875403 prime?
True
Is 1261171319 prime?
True
Is 46106215369 prime?
True
Is 10108482919 prime?
True
Is 421791997 a composite number?
True
Is 279225389 a prime number?
True
Is 48980779 a composite number?
False
Is 147632098811 a prime number?
True
Is 152660983 composite?
False
Is 4732535009 prime?
True
Is 9519860539 a composite number?
True
Is 13585994014 composite?
True
Is 7131433619 composite?
False
Is 78566116927 prime?
False
Is 4310451953 a composite number?
True
Is 2543521457 composite?
False
Is 1046455957 composite?
True
Is 1693290895 a prime number?
False
Is 15120748007 prime?
True
Is 28742386129 composite?
False
Is 18200867855 prime?
False
Is 5544137657 a composite number?
False
Is 8892382823 prime?
True
Is 385566847 prime?
False
Is 2509436521 a composite number?
True
Is 2900265721 composite?
False
Is 31300806239 composite?
False
Is 1690595183 a prime number?
True
Is 15996836569 prime?
False
Is 6664135393 a prime number?
True
Is 3782884003 composite?
False
Is 462383522 a prime number?
False
Is 454298863 a composite number?
False
Is 17800223797 prime?
True
Is 23952028315 a composite number?
True
Is 30441809 a prime number?
False
Is 10242896689 prime?
False
Is 24138014861 composite?
True
Is 152205551 a prime numbe